{"id":60,"date":"2012-03-29T18:57:16","date_gmt":"2012-03-29T17:57:16","guid":{"rendered":"http:\/\/radioluna.iesalbarregas.com\/?page_id=60"},"modified":"2018-12-01T19:52:45","modified_gmt":"2018-12-01T18:52:45","slug":"mas-cosas","status":"publish","type":"page","link":"http:\/\/radioluna.iesalbarregas.com\/?page_id=60","title":{"rendered":"M\u00e1s cosas"},"content":{"rendered":"<p style=\"text-align: justify;\">Aqu\u00ed podr\u00e1s encontrar aquellas grabaciones que, por distintos motivos, no se han podido incluir en los programas de RadioLuna pero que muestran actividades, logros y eventos de inter\u00e9s de nuestro centro y que, eso s\u00ed, RadioLuna ha captado con su c\u00e1mara&#8230;<\/p>\n<p><em><strong><span style=\"color: #ff6600;\">Resumen convivencia en Jarandilla<\/span><\/strong><\/em>. Gran parte del nuevo equipo de RadioLuna trabaja con metodolog\u00eda basada en proyectos. Por eso, aprovechando una convivencia de alumnos del grupo CREA, al que pertenece el Albarregas, hicimos este reportaje sobre c\u00f3mo es trabajar por proyectos y en qu\u00e9 consisti\u00f3 la convivencia, celebrada en Jarandilla el 28 de mayo<\/p>\n<p>[youtube]https:\/\/youtu.be\/cI2nr1o-VMs[\/youtube]<\/p>\n<p><span style=\"color: #ff6600;\"><em><strong>Baile de Halloween en nuestro centro<\/strong><\/em><\/span>. Hay que aprovechar todas las oportunidades que el calendario nos ofrece para tener un instituto activo y alegre. En esta ocasi\u00f3n son muchos los alumnos y profesores los que se visten de modo peculiar para este baile&#8230;<\/p>\n<p>[youtube]https:\/\/youtu.be\/Veac-hhIsf8[\/youtube]<\/p>\n<p style=\"text-align: justify;\"><em><strong><span style=\"color: #ff6600;\">Reportaje en Canal Extremadura<\/span><\/strong><\/em> sobre nuestra asignatura \u00abAnimaci\u00f3n a la lectura\u00bb. Una asignatura dirigida a alumnos de 1\u00ba y 2\u00ba de ESO.<br \/>\n[youtube]https:\/\/www.youtube.com\/watch?v=VLbMU50Wt1k[\/youtube]<\/p>\n<p style=\"text-align: justify;\"><em><strong><span style=\"color: #ff6600;\">Un nuevo lipdub ha puesto en movimiento a todo el mundo en el Albarregas. <\/span><\/strong><\/em>Patines, saltos, bicicletas, k\u00e1rate, baile, saltos&#8230; Todo al ritmo de la canci\u00f3n Happy de Pharrell Williams. \u00bfDivertido? M\u00edralo t\u00fa mismo y compru\u00e9balo&#8230;<\/p>\n<p style=\"text-align: justify;\">[youtube]https:\/\/www.youtube.com\/watch?v=L2oengIWpUk[\/youtube]<\/p>\n<p style=\"text-align: justify;\"><em><strong><span style=\"color: #ff6600;\">Lectura continuada del inicio del Quijote<\/span><\/strong><\/em> en nuestro centro. Alumnos y profesores han le\u00eddo el primer p\u00e1rrafo de Don Quijote de La Mancha; pero no ha sido una lectura al uso, sino que cada uno de los participantes ha le\u00eddo en una lengua distinta al espa\u00f1ol: chino, alem\u00e1n, griego -cl\u00e1sico y moderno-, rumano, \u00e1rabe, esperanto, gal\u00e9s,&#8230; y as\u00ed hasta llegar a 17&#8230; Un homenaje a la obra culmen de Miguel de Cervantes.<br \/>\n[youtube]https:\/\/www.youtube.com\/watch?v=9bps8jhm2bw[\/youtube]<\/p>\n<p style=\"text-align: justify;\">V\u00efdeo conmemorativo de los <span style=\"color: #ff6600;\"><em><strong>XXV a\u00f1os del IES Albarregas<\/strong><\/em><\/span>:[youtube]https:\/\/www.youtube.com\/watch?v=-NTIhW8C9cs[\/youtube]<\/p>\n<p style=\"text-align: justify;\">V\u00eddeo de 13 minutos que resume la estancia de los <span style=\"color: #ff6600;\"><em><strong>alumnos del Real Col\u00e9gio de Portugal<\/strong><\/em><\/span> en M\u00e9rida (Extremadura, Espa\u00f1a), entre los d\u00edas 25 de octubre al 2 de noviembre de 2015. Se trata de la primera fase del intercambio que realizan ambos centros en el marco del ERASMUS+ de la UE. [youtube]https:\/\/www.youtube.com\/watch?v=wLOleHyudzQ[\/youtube]<\/p>\n<p>Resumen de las actividades realizadas durante la primera fase del Intercambio entre nuestro centro y el instituto Gymnasium Lilienthal de Bremen (Alemania):<br \/>\n<em><strong><span style=\"color: #ff6600;\">Los alemanes en el IES Albarregas<\/span><\/strong><\/em>: [youtube]https:\/\/www.youtube.com\/watch?v=DIFgZC6Tr8o&amp;list=UU79KuzQ7c-jghxOutbcBamQ[\/youtube]<\/p>\n<p>Presentaci\u00f3n del \u00abDiccionario Imaginario de las Nuevas Ciencias\u00bb (dividido en tres partes):<br \/>\n<em><strong><span style=\"color: #ff6600;\">\u00abDiccionario Imaginario&#8230;\u00bb Parte 1:<\/span><\/strong><\/em><br \/>\n[youtube]http:\/\/youtu.be\/WpIFWZNdT_M[\/youtube]<br \/>\n<em><strong><span style=\"color: #ff6600;\">\u00abDiccionario Imaginario&#8230;\u00bb Parte 2:<\/span><\/strong><\/em><br \/>\n[youtube]http:\/\/youtu.be\/BvTo9xkhBMc[\/youtube]<br \/>\n<strong><em><span style=\"color: #ff6600;\">\u00abDiccionario Imaginario&#8230;\u00bb Parte 3:<\/span><\/em><\/strong><br \/>\n[youtube]http:\/\/youtu.be\/U3lGP3WDCNs[\/youtube]<\/p>\n<p><em><strong><span style=\"color: #ff6600;\">Lip-Dub:<\/span><\/strong><\/em><br \/>\n[youtube]http:\/\/www.youtube.com\/watch?v=kDz5fQo56zA[\/youtube]<\/p>\n<p><em><strong><span style=\"color: #ff6600;\">Teatro de Sombras:<\/span><\/strong><\/em><strong><span style=\"color: #ff6600;\"><br \/>\n<\/span><\/strong><span style=\"color: #000000;\"> [youtube]http:\/\/www.youtube.com\/watch?v=NI0yFvvj1bU[\/youtube]<\/span><\/p>\n<p>&nbsp;<\/p>\n","protected":false},"excerpt":{"rendered":"<p>Aqu\u00ed podr\u00e1s encontrar aquellas grabaciones que, por distintos motivos, no se han podido incluir en los programas de RadioLuna pero que muestran actividades, logros y eventos de inter\u00e9s de nuestro centro y que, eso s\u00ed, RadioLuna ha captado con su &hellip; <a href=\"http:\/\/radioluna.iesalbarregas.com\/?page_id=60\">Sigue leyendo <span class=\"meta-nav\">&rarr;<\/span><\/a><\/p>\n","protected":false},"author":1,"featured_media":0,"parent":0,"menu_order":3,"comment_status":"open","ping_status":"open","template":"","meta":[],"_links":{"self":[{"href":"http:\/\/radioluna.iesalbarregas.com\/index.php?rest_route=\/wp\/v2\/pages\/60"}],"collection":[{"href":"http:\/\/radioluna.iesalbarregas.com\/index.php?rest_route=\/wp\/v2\/pages"}],"about":[{"href":"http:\/\/radioluna.iesalbarregas.com\/index.php?rest_route=\/wp\/v2\/types\/page"}],"author":[{"embeddable":true,"href":"http:\/\/radioluna.iesalbarregas.com\/index.php?rest_route=\/wp\/v2\/users\/1"}],"replies":[{"embeddable":true,"href":"http:\/\/radioluna.iesalbarregas.com\/index.php?rest_route=%2Fwp%2Fv2%2Fcomments&post=60"}],"version-history":[{"count":31,"href":"http:\/\/radioluna.iesalbarregas.com\/index.php?rest_route=\/wp\/v2\/pages\/60\/revisions"}],"predecessor-version":[{"id":232,"href":"http:\/\/radioluna.iesalbarregas.com\/index.php?rest_route=\/wp\/v2\/pages\/60\/revisions\/232"}],"wp:attachment":[{"href":"http:\/\/radioluna.iesalbarregas.com\/index.php?rest_route=%2Fwp%2Fv2%2Fmedia&parent=60"}],"curies":[{"name":"wp","href":"https:\/\/api.w.org\/{rel}","templated":true}]}}

Más cosas

<p style="text-align: justify;">Aquí podrás encontrar aquellas grabaciones que, por distintos motivos, no se han podido incluir en los programas de RadioLuna pero que muestran actividades, logros y eventos de interés de nuestro centro y que, eso sí, RadioLuna ha captado con su cámara&#8230;</p>
<p><em><strong><span style="color: #ff6600;">Resumen convivencia en Jarandilla</span></strong></em>. Gran parte del nuevo equipo de RadioLuna trabaja con metodología basada en proyectos. Por eso, aprovechando una convivencia de alumnos del grupo CREA, al que pertenece el Albarregas, hicimos este reportaje sobre cómo es trabajar por proyectos y en qué consistió la convivencia, celebrada en Jarandilla el 28 de mayo</p>
<p>[youtube]https://youtu.be/cI2nr1o-VMs[/youtube]</p>
<p><span style="color: #ff6600;"><em><strong>Baile de Halloween en nuestro centro</strong></em></span>. Hay que aprovechar todas las oportunidades que el calendario nos ofrece para tener un instituto activo y alegre. En esta ocasión son muchos los alumnos y profesores los que se visten de modo peculiar para este baile&#8230;</p>
<p>[youtube]https://youtu.be/Veac-hhIsf8[/youtube]</p>
<p style="text-align: justify;"><em><strong><span style="color: #ff6600;">Reportaje en Canal Extremadura</span></strong></em> sobre nuestra asignatura «Animación a la lectura». Una asignatura dirigida a alumnos de 1º y 2º de ESO.<br />
[youtube]https://www.youtube.com/watch?v=VLbMU50Wt1k[/youtube]</p>
<p style="text-align: justify;"><em><strong><span style="color: #ff6600;">Un nuevo lipdub ha puesto en movimiento a todo el mundo en el Albarregas. </span></strong></em>Patines, saltos, bicicletas, kárate, baile, saltos&#8230; Todo al ritmo de la canción Happy de Pharrell Williams. ¿Divertido? Míralo tú mismo y compruébalo&#8230;</p>
<p style="text-align: justify;">[youtube]https://www.youtube.com/watch?v=L2oengIWpUk[/youtube]</p>
<p style="text-align: justify;"><em><strong><span style="color: #ff6600;">Lectura continuada del inicio del Quijote</span></strong></em> en nuestro centro. Alumnos y profesores han leído el primer párrafo de Don Quijote de La Mancha; pero no ha sido una lectura al uso, sino que cada uno de los participantes ha leído en una lengua distinta al español: chino, alemán, griego -clásico y moderno-, rumano, árabe, esperanto, galés,&#8230; y así hasta llegar a 17&#8230; Un homenaje a la obra culmen de Miguel de Cervantes.<br />
[youtube]https://www.youtube.com/watch?v=9bps8jhm2bw[/youtube]</p>
<p style="text-align: justify;">Vïdeo conmemorativo de los <span style="color: #ff6600;"><em><strong>XXV años del IES Albarregas</strong></em></span>:[youtube]https://www.youtube.com/watch?v=-NTIhW8C9cs[/youtube]</p>
<p style="text-align: justify;">Vídeo de 13 minutos que resume la estancia de los <span style="color: #ff6600;"><em><strong>alumnos del Real Colégio de Portugal</strong></em></span> en Mérida (Extremadura, España), entre los días 25 de octubre al 2 de noviembre de 2015. Se trata de la primera fase del intercambio que realizan ambos centros en el marco del ERASMUS+ de la UE. [youtube]https://www.youtube.com/watch?v=wLOleHyudzQ[/youtube]</p>
<p>Resumen de las actividades realizadas durante la primera fase del Intercambio entre nuestro centro y el instituto Gymnasium Lilienthal de Bremen (Alemania):<br />
<em><strong><span style="color: #ff6600;">Los alemanes en el IES Albarregas</span></strong></em>: [youtube]https://www.youtube.com/watch?v=DIFgZC6Tr8o&amp;list=UU79KuzQ7c-jghxOutbcBamQ[/youtube]</p>
<p>Presentación del «Diccionario Imaginario de las Nuevas Ciencias» (dividido en tres partes):<br />
<em><strong><span style="color: #ff6600;">«Diccionario Imaginario&#8230;» Parte 1:</span></strong></em><br />
[youtube]http://youtu.be/WpIFWZNdT_M[/youtube]<br />
<em><strong><span style="color: #ff6600;">«Diccionario Imaginario&#8230;» Parte 2:</span></strong></em><br />
[youtube]http://youtu.be/BvTo9xkhBMc[/youtube]<br />
<strong><em><span style="color: #ff6600;">«Diccionario Imaginario&#8230;» Parte 3:</span></em></strong><br />
[youtube]http://youtu.be/U3lGP3WDCNs[/youtube]</p>
<p><em><strong><span style="color: #ff6600;">Lip-Dub:</span></strong></em><br />
[youtube]http://www.youtube.com/watch?v=kDz5fQo56zA[/youtube]</p>
<p><em><strong><span style="color: #ff6600;">Teatro de Sombras:</span></strong></em><strong><span style="color: #ff6600;"><br />
</span></strong><span style="color: #000000;"> [youtube]http://www.youtube.com/watch?v=NI0yFvvj1bU[/youtube]</span></p>
<p>&nbsp;</p>

<p>Aquí podrás encontrar aquellas grabaciones que, por distintos motivos, no se han podido incluir en los programas de RadioLuna pero que muestran actividades, logros y eventos de interés de nuestro centro y que, eso sí, RadioLuna ha captado con su &hellip; <a href="http://radioluna.iesalbarregas.com/?page_id=60">Sigue leyendo <span class="meta-nav">&rarr;</span></a></p>
